{"id":436,"date":"2026-04-20T11:51:19","date_gmt":"2026-04-20T08:51:19","guid":{"rendered":"https:\/\/ingilizcekaynaklari.com\/?page_id=436"},"modified":"2026-04-20T12:01:58","modified_gmt":"2026-04-20T09:01:58","slug":"4-2","status":"publish","type":"page","link":"https:\/\/ingilizcekaynaklari.com\/?page_id=436","title":{"rendered":"4"},"content":{"rendered":"\t\t<div data-elementor-type=\"wp-page\" data-elementor-id=\"436\" class=\"elementor elementor-436\">\n\t\t\t\t<div class=\"elementor-element elementor-element-8e52bd7 e-flex e-con-boxed e-con e-parent\" data-id=\"8e52bd7\" data-element_type=\"container\">\n\t\t\t\t\t<div class=\"e-con-inner\">\n\t\t\t\t<div class=\"elementor-element elementor-element-e7a5dbb elementor-widget elementor-widget-heading\" data-id=\"e7a5dbb\" data-element_type=\"widget\" data-widget_type=\"heading.default\">\n\t\t\t\t\t<h2 class=\"elementor-heading-title elementor-size-default\">\u0130ngilizce 5. S\u0131n\u0131f 2. D\u00f6nem 2. Yaz\u0131l\u0131 S\u0131nav\u0131 [\u00dccretsiz] - Maarif Modeli Uyumlu<\/h2>\t\t\t\t<\/div>\n\t\t\t\t\t<\/div>\n\t\t\t\t<\/div>\n\t\t<div class=\"elementor-element elementor-element-82936d8 e-flex e-con-boxed e-con e-parent\" data-id=\"82936d8\" data-element_type=\"container\">\n\t\t\t\t\t<div class=\"e-con-inner\">\n\t\t\t\t<div class=\"elementor-element elementor-element-a272105 elementor-widget elementor-widget-image\" data-id=\"a272105\" data-element_type=\"widget\" data-widget_type=\"image.default\">\n\t\t\t\t\t\t\t\t\t\t\t\t\t\t\t<img fetchpriority=\"high\" decoding=\"async\" width=\"768\" height=\"604\" src=\"https:\/\/ingilizcekaynaklari.com\/wp-content\/uploads\/2026\/04\/Screenshot_946-768x604.png\" class=\"attachment-medium_large size-medium_large wp-image-437\" alt=\"\" srcset=\"https:\/\/ingilizcekaynaklari.com\/wp-content\/uploads\/2026\/04\/Screenshot_946-768x604.png 768w, https:\/\/ingilizcekaynaklari.com\/wp-content\/uploads\/2026\/04\/Screenshot_946-300x236.png 300w, https:\/\/ingilizcekaynaklari.com\/wp-content\/uploads\/2026\/04\/Screenshot_946.png 803w\" sizes=\"(max-width: 768px) 100vw, 768px\" \/>\t\t\t\t\t\t\t\t\t\t\t\t\t\t\t<\/div>\n\t\t\t\t\t<\/div>\n\t\t\t\t<\/div>\n\t\t<div class=\"elementor-element elementor-element-3bf520b e-flex e-con-boxed e-con e-parent\" data-id=\"3bf520b\" data-element_type=\"container\">\n\t\t\t\t\t<div class=\"e-con-inner\">\n\t\t\t\t<div class=\"elementor-element elementor-element-2f5b7aa elementor-widget elementor-widget-text-editor\" data-id=\"2f5b7aa\" data-element_type=\"widget\" data-widget_type=\"text-editor.default\">\n\t\t\t\t\t\t\t\t\t<h4>Merhaba de\u011ferli meslekta\u015flar\u0131m. Sizler ile ha\u0131zrlam\u0131\u015f oldu\u011fum \u0130ngilizce 5. S\u0131n\u0131f 2. D\u00f6nem 2. Yaz\u0131l\u0131 S\u0131nav\u0131 \u00f6rne\u011fini \u00fccretsiz bir \u015fekilde payla\u015f\u0131yorum. A\u015fa\u011f\u0131daki butonu kullanarak google drive \u00fczerinde indirme sa\u011flayabilirsiniz.<\/h4>\t\t\t\t\t\t\t\t<\/div>\n\t\t\t\t\t<\/div>\n\t\t\t\t<\/div>\n\t\t<div class=\"elementor-element elementor-element-d86f394 e-flex e-con-boxed e-con e-parent\" data-id=\"d86f394\" data-element_type=\"container\">\n\t\t\t\t\t<div class=\"e-con-inner\">\n\t\t\t\t<div class=\"elementor-element elementor-element-70f794b elementor-widget elementor-widget-button\" data-id=\"70f794b\" data-element_type=\"widget\" data-widget_type=\"button.default\">\n\t\t\t\t\t\t\t\t\t\t<a class=\"elementor-button elementor-button-link elementor-size-sm\" href=\"https:\/\/drive.google.com\/file\/d\/1lAXaj1dDBUkTsSRGDePG5EAG8Nk0INOD\/view?usp=sharing\" target=\"_blank\" rel=\"noopener\">\n\t\t\t\t\t\t<span class=\"elementor-button-content-wrapper\">\n\t\t\t\t\t\t\t\t\t<span class=\"elementor-button-text\">\u0130ND\u0130R.<\/span>\n\t\t\t\t\t<\/span>\n\t\t\t\t\t<\/a>\n\t\t\t\t\t\t\t\t<\/div>\n\t\t\t\t\t<\/div>\n\t\t\t\t<\/div>\n\t\t\t\t<\/div>\n\t\t","protected":false},"excerpt":{"rendered":"<p>\u0130ngilizce 5. S\u0131n\u0131f 2. D\u00f6nem 2. Yaz\u0131l\u0131 S\u0131nav\u0131 [\u00dccretsiz] &#8211; Maarif Modeli Uyumlu Merhaba de\u011ferli meslekta\u015flar\u0131m. Sizler ile ha\u0131zrlam\u0131\u015f oldu\u011fum \u0130ngilizce 5. S\u0131n\u0131f 2. D\u00f6nem 2. Yaz\u0131l\u0131 S\u0131nav\u0131 \u00f6rne\u011fini \u00fccretsiz bir \u015fekilde payla\u015f\u0131yorum. A\u015fa\u011f\u0131daki butonu kullanarak google drive \u00fczerinde indirme sa\u011flayabilirsiniz. \u0130ND\u0130R.<\/p>\n","protected":false},"author":1,"featured_media":0,"parent":0,"menu_order":0,"comment_status":"closed","ping_status":"closed","template":"","meta":{"_kadence_starter_templates_imported_post":false,"footnotes":""},"class_list":["post-436","page","type-page","status-publish","hentry"],"blocksy_meta":[],"_links":{"self":[{"href":"https:\/\/ingilizcekaynaklari.com\/index.php?rest_route=\/wp\/v2\/pages\/436","targetHints":{"allow":["GET"]}}],"collection":[{"href":"https:\/\/ingilizcekaynaklari.com\/index.php?rest_route=\/wp\/v2\/pages"}],"about":[{"href":"https:\/\/ingilizcekaynaklari.com\/index.php?rest_route=\/wp\/v2\/types\/page"}],"author":[{"embeddable":true,"href":"https:\/\/ingilizcekaynaklari.com\/index.php?rest_route=\/wp\/v2\/users\/1"}],"replies":[{"embeddable":true,"href":"https:\/\/ingilizcekaynaklari.com\/index.php?rest_route=%2Fwp%2Fv2%2Fcomments&post=436"}],"version-history":[{"count":4,"href":"https:\/\/ingilizcekaynaklari.com\/index.php?rest_route=\/wp\/v2\/pages\/436\/revisions"}],"predecessor-version":[{"id":446,"href":"https:\/\/ingilizcekaynaklari.com\/index.php?rest_route=\/wp\/v2\/pages\/436\/revisions\/446"}],"wp:attachment":[{"href":"https:\/\/ingilizcekaynaklari.com\/index.php?rest_route=%2Fwp%2Fv2%2Fmedia&parent=436"}],"curies":[{"name":"wp","href":"https:\/\/api.w.org\/{rel}","templated":true}]}}