{"id":187,"date":"2026-01-08T16:18:53","date_gmt":"2026-01-08T16:18:53","guid":{"rendered":"https:\/\/ingilizcekaynaklari.com\/?page_id=187"},"modified":"2026-01-08T17:39:43","modified_gmt":"2026-01-08T17:39:43","slug":"elementor-187","status":"publish","type":"page","link":"https:\/\/ingilizcekaynaklari.com\/?page_id=187","title":{"rendered":"&#8220;Kay\u0131p \u015eehri Bul&#8221; (Find the Hidden Location)"},"content":{"rendered":"\t\t<div data-elementor-type=\"wp-page\" data-elementor-id=\"187\" class=\"elementor elementor-187\">\n\t\t\t\t<div class=\"elementor-element elementor-element-6bb5bd2 e-flex e-con-boxed e-con e-parent\" data-id=\"6bb5bd2\" data-element_type=\"container\">\n\t\t\t\t\t<div class=\"e-con-inner\">\n\t\t\t\t<div class=\"elementor-element elementor-element-831d563 elementor-widget elementor-widget-heading\" data-id=\"831d563\" data-element_type=\"widget\" data-widget_type=\"heading.default\">\n\t\t\t\t\t<h2 class=\"elementor-heading-title elementor-size-default\">Haritada Yeri Bul Aktivitesi | Find the Place in Map Activity<\/h2>\t\t\t\t<\/div>\n\t\t\t\t\t<\/div>\n\t\t\t\t<\/div>\n\t\t<div class=\"elementor-element elementor-element-57ec619 e-flex e-con-boxed e-con e-parent\" data-id=\"57ec619\" data-element_type=\"container\">\n\t\t\t\t\t<div class=\"e-con-inner\">\n\t\t\t\t<div class=\"elementor-element elementor-element-d9d39d6 hfe-post-info-layout-inline elementor-widget elementor-widget-post-info-widget\" data-id=\"d9d39d6\" data-element_type=\"widget\" data-widget_type=\"post-info-widget.default\">\n\t\t\t\t<div class=\"elementor-widget-container\">\n\t\t\t\t\t\t\t<ul class=\"hfe-post-info-inline hfe-post-info-items hfe-post-info\">\n\t\t\t\t\t<li class=\"hfe-post-info-item elementor-repeater-item-a7d487d hfe-post-info-inline-item\" itemprop=\"datePublished\"> \n\t\t\t\t\t\t\t<a href=\"https:\/\/ingilizcekaynaklari.com\/?m=20260108\">\n\t\t\t\n\t\t\t\t\t\t<span class=\"hfe-post-info-icon\">\n\t\t\t\t\t\t\t\t\t<svg aria-hidden=\"true\" class=\"e-font-icon-svg e-far-calendar-alt\" viewBox=\"0 0 448 512\" xmlns=\"http:\/\/www.w3.org\/2000\/svg\"><path d=\"M148 288h-40c-6.6 0-12-5.4-12-12v-40c0-6.6 5.4-12 12-12h40c6.6 0 12 5.4 12 12v40c0 6.6-5.4 12-12 12zm108-12v-40c0-6.6-5.4-12-12-12h-40c-6.6 0-12 5.4-12 12v40c0 6.6 5.4 12 12 12h40c6.6 0 12-5.4 12-12zm96 0v-40c0-6.6-5.4-12-12-12h-40c-6.6 0-12 5.4-12 12v40c0 6.6 5.4 12 12 12h40c6.6 0 12-5.4 12-12zm-96 96v-40c0-6.6-5.4-12-12-12h-40c-6.6 0-12 5.4-12 12v40c0 6.6 5.4 12 12 12h40c6.6 0 12-5.4 12-12zm-96 0v-40c0-6.6-5.4-12-12-12h-40c-6.6 0-12 5.4-12 12v40c0 6.6 5.4 12 12 12h40c6.6 0 12-5.4 12-12zm192 0v-40c0-6.6-5.4-12-12-12h-40c-6.6 0-12 5.4-12 12v40c0 6.6 5.4 12 12 12h40c6.6 0 12-5.4 12-12zm96-260v352c0 26.5-21.5 48-48 48H48c-26.5 0-48-21.5-48-48V112c0-26.5 21.5-48 48-48h48V12c0-6.6 5.4-12 12-12h40c6.6 0 12 5.4 12 12v52h128V12c0-6.6 5.4-12 12-12h40c6.6 0 12 5.4 12 12v52h48c26.5 0 48 21.5 48 48zm-48 346V160H48v298c0 3.3 2.7 6 6 6h340c3.3 0 6-2.7 6-6z\"><\/path><\/svg>\t\t\t\t\t\t\t<\/span>\n\t\t\t\t\t<span class=\"hfe-post-info-text hfe-post-info__item hfe-post-info__item--type-date\">\n\t\t\t\n\t\t\t\t\t\t\tOcak 8, 2026\t\t\t\t\t<\/span>\n\t\t\n\t\t\t\t\t\t\t<\/a>\n\t\t\t\t\t<\/li>\n\t\t\t\t<li class=\"hfe-post-info-item elementor-repeater-item-e1d11d3 hfe-post-info-inline-item\" itemprop=\"author\"> \n\t\t\t\t\t\t\t<a href=\"https:\/\/ingilizcekaynaklari.com\/author\/admin_nm9x0m5l\">\n\t\t\t\n\t\t\t\t\t\t<span class=\"hfe-post-info-icon\">\n\t\t\t\t\t\t\t\t\t<svg aria-hidden=\"true\" class=\"e-font-icon-svg e-far-user-circle\" viewBox=\"0 0 496 512\" xmlns=\"http:\/\/www.w3.org\/2000\/svg\"><path d=\"M248 104c-53 0-96 43-96 96s43 96 96 96 96-43 96-96-43-96-96-96zm0 144c-26.5 0-48-21.5-48-48s21.5-48 48-48 48 21.5 48 48-21.5 48-48 48zm0-240C111 8 0 119 0 256s111 248 248 248 248-111 248-248S385 8 248 8zm0 448c-49.7 0-95.1-18.3-130.1-48.4 14.9-23 40.4-38.6 69.6-39.5 20.8 6.4 40.6 9.6 60.5 9.6s39.7-3.1 60.5-9.6c29.2 1 54.7 16.5 69.6 39.5-35 30.1-80.4 48.4-130.1 48.4zm162.7-84.1c-24.4-31.4-62.1-51.9-105.1-51.9-10.2 0-26 9.6-57.6 9.6-31.5 0-47.4-9.6-57.6-9.6-42.9 0-80.6 20.5-105.1 51.9C61.9 339.2 48 299.2 48 256c0-110.3 89.7-200 200-200s200 89.7 200 200c0 43.2-13.9 83.2-37.3 115.9z\"><\/path><\/svg>\t\t\t\t\t\t\t<\/span>\n\t\t\t\t\t<span class=\"hfe-post-info-text hfe-post-info__item hfe-post-info__item--type-author\">\n\t\t\t\n\t\t\t\t\t\t\tadmin\t\t\t\t\t<\/span>\n\t\t\n\t\t\t\t\t\t\t<\/a>\n\t\t\t\t\t<\/li>\n\t\t\t\t<li class=\"hfe-post-info-item elementor-repeater-item-66fc6c4 hfe-post-info-inline-item\"> \n\t\t\t\n\t\t\t\t\t\t<span class=\"hfe-post-info-icon\">\n\t\t\t\t\t\t\t\t\t<svg aria-hidden=\"true\" class=\"e-font-icon-svg e-far-clock\" viewBox=\"0 0 512 512\" xmlns=\"http:\/\/www.w3.org\/2000\/svg\"><path d=\"M256 8C119 8 8 119 8 256s111 248 248 248 248-111 248-248S393 8 256 8zm0 448c-110.5 0-200-89.5-200-200S145.5 56 256 56s200 89.5 200 200-89.5 200-200 200zm61.8-104.4l-84.9-61.7c-3.1-2.3-4.9-5.9-4.9-9.7V116c0-6.6 5.4-12 12-12h32c6.6 0 12 5.4 12 12v141.7l66.8 48.6c5.4 3.9 6.5 11.4 2.6 16.8L334.6 349c-3.9 5.3-11.4 6.5-16.8 2.6z\"><\/path><\/svg>\t\t\t\t\t\t\t<\/span>\n\t\t\t\t\t<span class=\"hfe-post-info-text hfe-post-info__item hfe-post-info__item--type-time\">\n\t\t\t\n\t\t\t\t\t\t\t4:18 pm\t\t\t\t\t<\/span>\n\t\t\n\t\t\t\t\t<\/li>\n\t\t\t\t<\/ul>\n\t\t\t\t\t\t<\/div>\n\t\t\t\t<\/div>\n\t\t\t\t\t<\/div>\n\t\t\t\t<\/div>\n\t\t<div class=\"elementor-element elementor-element-d097e6f e-flex e-con-boxed e-con e-parent\" data-id=\"d097e6f\" data-element_type=\"container\">\n\t\t\t\t\t<div class=\"e-con-inner\">\n\t\t\t\t<div class=\"elementor-element elementor-element-e11bdc1 elementor-widget elementor-widget-text-editor\" data-id=\"e11bdc1\" data-element_type=\"widget\" data-widget_type=\"text-editor.default\">\n\t\t\t\t\t\t\t\t\t<h3 data-path-to-node=\"4\">Aktivitenin Amac\u0131<\/h3><p data-path-to-node=\"5\">\u00d6\u011frencilerin yer y\u00f6n tariflerini (sa\u011f\u0131nda, solunda, kuzeyinde vb.) kullanarak, ellerindeki eksik haritay\u0131 birbirlerinden ald\u0131klar\u0131 bilgilerle tamamlamalar\u0131.<\/p><h3 data-path-to-node=\"6\">1. Haz\u0131rl\u0131k (Setup)<\/h3><ul data-path-to-node=\"7\"><li><p data-path-to-node=\"7,0,0\"><b data-path-to-node=\"7,0,0\" data-index-in-node=\"0\">\u00d6\u011frenci A (Harita A):<\/b> Haritas\u0131nda sadece belirli b\u00f6lgeler (\u00f6rne\u011fin; Market, Okul, Park) i\u015faretlidir. Di\u011fer yerler bo\u015ftur.<\/p><\/li><li><p data-path-to-node=\"7,1,0\"><b data-path-to-node=\"7,1,0\" data-index-in-node=\"0\">\u00d6\u011frenci B (Harita B):<\/b> Haritas\u0131nda A&#8217;da eksik olan b\u00f6lgeler (\u00f6rne\u011fin; K\u00fct\u00fcphane, Hastane, M\u00fcze) i\u015faretlidir. A&#8217;daki dolu olan yerler ise B&#8217;de bo\u015ftur.<\/p><\/li><\/ul><h3 data-path-to-node=\"8\">2. \u00d6\u011frenci Y\u00f6nergesi (A\u00e7\u0131klama Metni)<\/h3><p data-path-to-node=\"9\">&#8220;Bug\u00fcn birer ka\u015fif olacaks\u0131n\u0131z! Elinizde bir harita var ama haritan\u0131n yar\u0131s\u0131 silinmi\u015f. Partnerinizin elinde ise sizin haritan\u0131z\u0131n eksik par\u00e7alar\u0131 var.<\/p><p data-path-to-node=\"10\"><b data-path-to-node=\"10\" data-index-in-node=\"0\">Kurallar:<\/b><\/p><ol><li><p data-path-to-node=\"11,0,0\">Sak\u0131n birbirinizin ka\u011f\u0131d\u0131na bakmay\u0131n!<\/p><\/li><li><p data-path-to-node=\"11,1,0\">Sadece \u0130ngilizce\/T\u00fcrk\u00e7e (hedef dil hangisiyse) konu\u015farak eksik yerleri bulun.<\/p><\/li><li><p data-path-to-node=\"11,2,0\">Sorular sorun: <i data-path-to-node=\"11,2,0\" data-index-in-node=\"15\">&#8216;K\u00fct\u00fcphane nerede?&#8217;<\/i>, <i data-path-to-node=\"11,2,0\" data-index-in-node=\"36\">&#8216;Park\u0131n yan\u0131nda ne var?&#8217;<\/i><\/p><\/li><li><p data-path-to-node=\"11,3,0\">Ald\u0131\u011f\u0131n\u0131z cevaplara g\u00f6re haritan\u0131zdaki bo\u015fluklar\u0131 doldurun.&#8221;<\/p><\/li><\/ol><p>PDF&#8217;yi indir:\u00a0<\/p><div>\u00a0<\/div>\t\t\t\t\t\t\t\t<\/div>\n\t\t\t\t\t<\/div>\n\t\t\t\t<\/div>\n\t\t<div class=\"elementor-element elementor-element-13a1f01 e-flex e-con-boxed e-con e-parent\" data-id=\"13a1f01\" data-element_type=\"container\">\n\t\t\t\t\t<div class=\"e-con-inner\">\n\t\t\t\t<div class=\"elementor-element elementor-element-e94ab30 elementor-button-danger elementor-widget__width-initial elementor-widget elementor-widget-button\" data-id=\"e94ab30\" data-element_type=\"widget\" data-widget_type=\"button.default\">\n\t\t\t\t\t\t\t\t\t\t<a class=\"elementor-button elementor-button-link elementor-size-sm\" href=\"https:\/\/drive.google.com\/file\/d\/1J8Dq9fQG3PUPifKKWYhqZBbdzo2R2pXd\/view?usp=sharing\" target=\"_blank\" rel=\"noopener\">\n\t\t\t\t\t\t<span class=\"elementor-button-content-wrapper\">\n\t\t\t\t\t\t\t\t\t<span class=\"elementor-button-text\">\u0130ND\u0130R - Drive (H\u0131zl\u0131)<\/span>\n\t\t\t\t\t<\/span>\n\t\t\t\t\t<\/a>\n\t\t\t\t\t\t\t\t<\/div>\n\t\t\t\t\t<\/div>\n\t\t\t\t<\/div>\n\t\t<div class=\"elementor-element elementor-element-42c256e e-flex e-con-boxed e-con e-parent\" data-id=\"42c256e\" data-element_type=\"container\">\n\t\t\t\t\t<div class=\"e-con-inner\">\n\t\t\t\t\t<\/div>\n\t\t\t\t<\/div>\n\t\t\t\t<\/div>\n\t\t","protected":false},"excerpt":{"rendered":"<p>Haritada Yeri Bul Aktivitesi | Find the Place in Map Activity Ocak 8, 2026 admin 4:18 pm Aktivitenin Amac\u0131 \u00d6\u011frencilerin yer y\u00f6n tariflerini (sa\u011f\u0131nda, solunda, kuzeyinde vb.) kullanarak, ellerindeki eksik haritay\u0131 birbirlerinden ald\u0131klar\u0131 bilgilerle tamamlamalar\u0131. 1. Haz\u0131rl\u0131k (Setup) \u00d6\u011frenci A (Harita A): Haritas\u0131nda sadece belirli b\u00f6lgeler (\u00f6rne\u011fin; Market, Okul, Park) i\u015faretlidir. Di\u011fer yerler bo\u015ftur. \u00d6\u011frenci [&hellip;]<\/p>\n","protected":false},"author":1,"featured_media":0,"parent":0,"menu_order":0,"comment_status":"closed","ping_status":"closed","template":"","meta":{"_kadence_starter_templates_imported_post":false,"footnotes":""},"class_list":["post-187","page","type-page","status-publish","hentry"],"blocksy_meta":[],"_links":{"self":[{"href":"https:\/\/ingilizcekaynaklari.com\/index.php?rest_route=\/wp\/v2\/pages\/187","targetHints":{"allow":["GET"]}}],"collection":[{"href":"https:\/\/ingilizcekaynaklari.com\/index.php?rest_route=\/wp\/v2\/pages"}],"about":[{"href":"https:\/\/ingilizcekaynaklari.com\/index.php?rest_route=\/wp\/v2\/types\/page"}],"author":[{"embeddable":true,"href":"https:\/\/ingilizcekaynaklari.com\/index.php?rest_route=\/wp\/v2\/users\/1"}],"replies":[{"embeddable":true,"href":"https:\/\/ingilizcekaynaklari.com\/index.php?rest_route=%2Fwp%2Fv2%2Fcomments&post=187"}],"version-history":[{"count":17,"href":"https:\/\/ingilizcekaynaklari.com\/index.php?rest_route=\/wp\/v2\/pages\/187\/revisions"}],"predecessor-version":[{"id":218,"href":"https:\/\/ingilizcekaynaklari.com\/index.php?rest_route=\/wp\/v2\/pages\/187\/revisions\/218"}],"wp:attachment":[{"href":"https:\/\/ingilizcekaynaklari.com\/index.php?rest_route=%2Fwp%2Fv2%2Fmedia&parent=187"}],"curies":[{"name":"wp","href":"https:\/\/api.w.org\/{rel}","templated":true}]}}